{"id":50,"date":"2020-08-10T08:48:18","date_gmt":"2020-08-10T11:48:18","guid":{"rendered":"https:\/\/rilem.com.br\/?page_id=50"},"modified":"2025-06-12T12:47:23","modified_gmt":"2025-06-12T15:47:23","slug":"missao-visao-e-valores","status":"publish","type":"page","link":"https:\/\/rilem.com.br\/?page_id=50","title":{"rendered":"Miss\u00e3o, Vis\u00e3o e Valores"},"content":{"rendered":"<div class=\"fusion-fullwidth fullwidth-box fusion-builder-row-1 fusion-flex-container nonhundred-percent-fullwidth non-hundred-percent-height-scrolling\" style=\"background-color: rgba(255,255,255,0);background-position: center center;background-repeat: no-repeat;border-width: 0px 0px 0px 0px;border-color:#e2e2e2;border-style:solid;\" ><div class=\"fusion-builder-row fusion-row fusion-flex-align-items-flex-start\" style=\"max-width:1248px;margin-left: calc(-4% \/ 2 );margin-right: calc(-4% \/ 2 );\"><div class=\"fusion-layout-column fusion_builder_column fusion-builder-column-0 fusion_builder_column_1_1 1_1 fusion-flex-column\"><div class=\"fusion-column-wrapper fusion-flex-justify-content-flex-start fusion-content-layout-column\" style=\"background-position:left top;background-repeat:no-repeat;-webkit-background-size:cover;-moz-background-size:cover;-o-background-size:cover;background-size:cover;padding: 0px 0px 0px 0px;\"><div class=\"fusion-text fusion-text-1\"><ul>\n<li><strong>Miss\u00e3o:<\/strong><\/li>\n<\/ul>\n<blockquote>\n<ul>\n<li>\u2022\tGarantir ao usu\u00e1rio a m\u00e1xima seguran\u00e7a e efic\u00e1cia dos atos e neg\u00f3cios jur\u00eddicos, al\u00e9m de prestar atendimento com efici\u00eancia, urbanidade e alta qualidade.<\/li>\n<\/ul>\n<\/blockquote>\n<ul>\n<li><strong>Vis\u00e3o 2025:<\/strong><\/li>\n<\/ul>\n<blockquote>\n<ul>\n<li>\u2022\tSer refer\u00eancia nacional em qualidade na presta\u00e7\u00e3o de servi\u00e7os relativos a Registros de Im\u00f3veis, T\u00edtulos e Documentos e Civis das Pessoas Jur\u00eddicas, contribuindo para a constante melhoria da imagem da atividade perante a sociedade.<\/li>\n<\/ul>\n<\/blockquote>\n<ul>\n<li><strong>Valores:<\/strong><\/li>\n<\/ul>\n<blockquote>\n<ul>\n<li>\u00c9TICA: Proceder conforme os padr\u00f5es profissionais preestabelecidos, al\u00e9m de agir com o cuidado de n\u00e3o prejudicar o pr\u00f3ximo, seja colega de trabalho ou cliente;<\/li>\n<li>COMPROMETIMENTO: Assumir uma postura profissional pr\u00f3-ativa, de forma a apresentar solu\u00e7\u00f5es e resolver as situa\u00e7\u00f5es cotidianas, evitando-se posterga\u00e7\u00f5es na realiza\u00e7\u00e3o das atividades necess\u00e1rias;<\/li>\n<li>RESPEITO: Consci\u00eancia sobre diferen\u00e7as culturais, et\u00e1rias e cognitivas entre as pessoas, de modo a que os atendimentos sejam livres de preconceitos e adequados \u00e0s circunst\u00e2ncias pessoas de cada um;<\/li>\n<li>LEGALIDADE: Princ\u00edpio basilar da atividade, o qual confere seguran\u00e7a ao usu\u00e1rio e aos colaboradores do cart\u00f3rio, impedindo tratamentos diferenciados para situa\u00e7\u00f5es similares;<\/li>\n<li>COOPERA\u00c7\u00c3O: Incentivar os colaboradores a prestarem aux\u00edlio m\u00fatuo uns aos outros, trocando experi\u00eancias e somando conhecimentos, de modo a que o ambiente de trabalho seja um local fraterno, agrad\u00e1vel e de crescimento para todos;<\/li>\n<li>EXCEL\u00caNCIA: Trabalhar diariamente de modo a fugir do lugar-comum da atividade, trazendo inova\u00e7\u00e3o para os processos e buscando capacita\u00e7\u00e3o cont\u00ednua;<\/li>\n<li>RESPONSABILIDADE SOCIOAMBIENTAL: Conscientiza\u00e7\u00e3o de colaboradores e clientes sobre a import\u00e2ncia da sustentabilidade ambiental, de modo a incentivar a reciclagem de papeis, correto descarte de res\u00edduos e economia de recursos naturais;<\/li>\n<\/ul>\n<\/blockquote>\n<\/div><\/div><style type=\"text\/css\">.fusion-body .fusion-builder-column-0{width:100% !important;margin-top : 0px;margin-bottom : 0px;}.fusion-builder-column-0 > .fusion-column-wrapper {padding-top : 0px !important;padding-right : 0px !important;margin-right : 1.92%;padding-bottom : 0px !important;padding-left : 0px !important;margin-left : 1.92%;}@media only screen and (max-width:1024px) {.fusion-body .fusion-builder-column-0{width:100% !important;}.fusion-builder-column-0 > .fusion-column-wrapper {margin-right : 1.92%;margin-left : 1.92%;}}@media only screen and (max-width:640px) {.fusion-body .fusion-builder-column-0{width:100% !important;}.fusion-builder-column-0 > .fusion-column-wrapper {margin-right : 1.92%;margin-left : 1.92%;}}<\/style><\/div><\/div><style type=\"text\/css\">.fusion-body .fusion-flex-container.fusion-builder-row-1{ padding-top : 0px;margin-top : 0px;padding-right : 0px;padding-bottom : 0px;margin-bottom : 0px;padding-left : 0px;}<\/style><\/div>\n","protected":false},"excerpt":{"rendered":"","protected":false},"author":1,"featured_media":0,"parent":0,"menu_order":0,"comment_status":"closed","ping_status":"closed","template":"","meta":{"footnotes":""},"class_list":["post-50","page","type-page","status-publish","hentry"],"_links":{"self":[{"href":"https:\/\/rilem.com.br\/index.php?rest_route=\/wp\/v2\/pages\/50","targetHints":{"allow":["GET"]}}],"collection":[{"href":"https:\/\/rilem.com.br\/index.php?rest_route=\/wp\/v2\/pages"}],"about":[{"href":"https:\/\/rilem.com.br\/index.php?rest_route=\/wp\/v2\/types\/page"}],"author":[{"embeddable":true,"href":"https:\/\/rilem.com.br\/index.php?rest_route=\/wp\/v2\/users\/1"}],"replies":[{"embeddable":true,"href":"https:\/\/rilem.com.br\/index.php?rest_route=%2Fwp%2Fv2%2Fcomments&post=50"}],"version-history":[{"count":16,"href":"https:\/\/rilem.com.br\/index.php?rest_route=\/wp\/v2\/pages\/50\/revisions"}],"predecessor-version":[{"id":1583,"href":"https:\/\/rilem.com.br\/index.php?rest_route=\/wp\/v2\/pages\/50\/revisions\/1583"}],"wp:attachment":[{"href":"https:\/\/rilem.com.br\/index.php?rest_route=%2Fwp%2Fv2%2Fmedia&parent=50"}],"curies":[{"name":"wp","href":"https:\/\/api.w.org\/{rel}","templated":true}]}}